 2*f + 5. Determine y(m).
-13
Let s be 10/6 - 5/(3000/995). Let q(a) be the third derivative of 1/20*a**5 + 0*a - s*a**6 + 0 + 1/6*a**4 + 1/6*a**3 + a**2. Determine q(4).
1
Let a be (-457)/(-4) + -1*(-6)/(-24). Let z = 114 - a. Let n be (z + 3/2)*4. Let d(m) = -m**3 + 5*m**2 + 9*m - 8. What is d(n)?
10
Let z(m) = -50*m - 7602. Let t be z(-152). Let b(x) = -x**3 - x**2 + 4*x + 1. Calculate b(t).
-3
Let l(k) = -k**3 + 25*k**2 - 68*k + 38. Suppose -5*z = -4*i - 98, 4*i + 52 = 8*z - 112. Give l(z).
-6
Let a = 361 + -204. Let v = a - 166. Let h(i) be the second derivative of -i**5/20 - 3*i**4/4 - 2*i**2 - i. Determine h(v).
-4
Let u(v) = -v**3 - 17*v**2 - 2*v - 7. Suppose x + 17*m = 14*m + 4, 13 = -2*x - 3*m. Determine u(x).
27
Suppose -47*o = -37*o + 60. Let w = o - -5. Let r(y) = -9*y**2 - 2*y - 1. What is r(w)?
-8
Let n(z) = -z - 1. Let o(g) = -15*g - 6. Let t(y) = -7*y - 4. Let c(b) = 2*o(b) - 5*t(b). Let k(d) = c(d) + 3*n(d). Determine k(-3).
-1
Let w(o) be the first derivative of -o**4/4 + 7*o**3/3 - 3*o**2 + 3*o + 96. Let s(v) = -v + 8. Let c be s(2). Give w(c).
3
Let i(n) = -8*n**2 - 7*n + 6. Let u be i(1). Let j(x) be the third derivative of -x**5/60 - 5*x**4/12 - x**3/2 + 36*x**2. Give j(u).
6
Let h(p) = p**3 + 3. Let l(g) = -5*g**3 - 16*g**2 - 20*g - 45. Let a(n) = 4*h(n) + l(n). Calculate a(-15).
42
Let s(k) = 8*k + 4. Let n(v) = 24*v + 1959. Let u be n(-82). Determine s(u).
-68
Suppose -3*k - 4 = -10, -4*k = -2*l - 6. Let v(s) be the third derivative of 7/24*s**4 + 0*s**3 - s**2 - 12*s + 0. Calculate v(l).
7
Let c(o) be the first derivative of 1/2*o**2 - 2*o - 5/3*o**3 - 1/4*o**4 + 48. Give c(-5).
-7
Suppose -7*o + 11*o - 3*f + 45 = 0, 4*f = -4. Let n(v) = -v**3 - 14*v**2 - 23*v + 8. Give n(o).
-4
Let k = 4365 + -4361. Let a(l) be the third derivative of 0 + 1/24*l**k + 0*l + 14*l**2 + 1/3*l**3. Give a(-3).
-1
Let g(o) = 13*o + 19. Let l be (-114)/15 + 2*(-12)/60. What is g(l)?
-85
Suppose -12*o - 289 = 11*o - 6*o. Let f(i) = -3*i - 65. What is f(o)?
-14
Let d(h) = -h + 7. Suppose x + 27 = -3*x - j, -5*x - 20 = 4*j. Let c(a) = -2*a + 2. Let q be c(-3). Let l be (0 + x/4)*(-20)/q. Give d(l).
2
Let q be ((-4)/(-2) + -1)*9. Suppose -2*u = 5*w + 23, -4 = 2*u + 3*w + q. Let i(k) = 6*k**3 + k + k**3 - u - k**2 + 4*k**3. Calculate i(1).
10
Let a(x) = -3334*x + 1667*x + 1668*x + 4. Let w = -1 - 15. Let f = 10 + w. Calculate a(f).
-2
Suppose 22*f + 25 + 219 = 24. Let p(t) = 5*t + 50. Calculate p(f).
0
Suppose -3*t + 3*o = 18, -2*t = t + 3*o + 48. Let p(c) = c**3 + 11*c**2 - c - 5. Calculate p(t).
6
Let m(z) = 6*z**3 + z**2 - 1. Let f be 2 - (0 - -4 - 5). Suppose -8*i = -4*i - 68. Suppose -5*j + i = f*p, -j + 6*p - 11 = 3*p. Give m(j).
6
Let o(s) = s**2 + 23*s - 8. Let g(m) = 2*m**3 + 2*m**2 - 9. Let a be g(-2). Calculate o(a).
-110
Let t(n) = -2*n + 21. Let b(v) = -50*v + 905. Let y be b(18). Determine t(y).
11
Let m be 369/12 - (4 - (-13)/(-4)). Let y = 22 - m. Let n(z) = z**3 + 9*z**2 + 8*z - 1. Give n(y).
-1
Let s(g) = -3*g**3 + g**2 + g. Let o be s(-1). Let d(t) = o*t + 13 - t - 4. Let c = 597339 - 597347. Determine d(c).
-7
Let g(s) = -27*s + 9. Let p(r) = 790*r + 5532. Let c be p(-7). Give g(c).
-45
Let p(q) = -12*q**3 - 34*q**2 - 11*q + 10. Let a(w) be the first derivative of -w**4/4 - w**3 - w**2/2 + w + 217. Let j(h) = -22*a(h) + 2*p(h). Determine j(-3).
34
Let m = 131 + -128. Let u(d) = -9*d**2 + 19*d + 14. Let a(i) = 4*i**2 - 9*i - 6. Let g(n) = m*u(n) + 7*a(n). Give g(4).
-8
Let t(v) = -v**2 + 7*v - 1. Suppose 3*r - 28 = -4. Suppose -4*y = 3*c - r, -2*y - 4 + 2 = 3*c. Determine t(y).
9
Let x(c) = 5*c - 152. Suppose -32*u = 45*u - 62*u - 450. Determine x(u).
-2
Let z(b) = b**3 - 4*b**2 + b + 2. Let v be -12 - (1 - (-2 + -1)). Let i = -28 - v. Let y = i + 14. Determine z(y).
-4
Let p(t) = -2*t + t**3 - 5*t**2 - 3*t + 2 + 6*t. Suppose 4*o - 5*q = 0, 16*o - 9*o + q = 39. What is p(o)?
7
Let r(w) be the second derivative of -5*w**3/6 - 15*w**2 + 9*w. Let g be r(-6). Let d(v) = 1 + 37*v - 37*v + g*v**2 - v**2. Determine d(1).
0
Let a = 8 - 6. Let c = a - -3. Let k(n) be the first derivative of n**3/3 - 7*n**2/2 + 6*n + 51. Calculate k(c).
-4
Let d(k) = k**2 - k - 24. Let j = -9393 - -9399. What is d(j)?
6
Let z(x) be the third derivative of x**7/2520 + 29*x**5/120 + 99*x**4/8 + 67*x**2. Let s(a) be the second derivative of z(a). What is s(0)?
29
Let z(f) = 2*f**2 + 13*f - 6*f**2 - 8071 + 8059. Calculate z(5).
-47
Let n = 104 + -83. Suppose 2*h = -h - n. Let t(y) = 2*y + 7. Calculate t(h).
-7
Let d = 6268 - -28684. Let w(y) = -18*y**3 + 0 + 2*y**2 - d*y + 34954*y + 1. Calculate w(-1).
19
Let u(p) = -2*p - 34. Let c = -420 - -403. What is u(c)?
0
Suppose -404*x + 408*x + 28 = 0. Let n(y) = -2*y**2 - 13*y + 22. What is n(x)?
15
Let c(b) = b**2 + 8*b + 9. Let p be -9*(112/(-21) + -3). Suppose 6 = -76*r + p*r. Give c(r).
-3
Let n = -661 - -646. Let g(p) = p**2 + 13*p - 13. What is g(n)?
17
Let o be 15/45 + 16/6. Suppose 2*z - 5 = -3*k, 5*k - o*k - 4*z = 14. Let r(c) = 2*c**2 - 4*c + 10. Calculate r(k).
16
Let r(a) = -a**2 + a + 3. Let t be (-2)/(-4)*1700/170. Let g(f) = 4*f - 2. Let b be g(2). Suppose b*i - 33 = -t*i. Determine r(i).
-3
Let q(y) = 3*y + 42. Suppose 55*h + 25*h - 192 = -992. What is q(h)?
12
Let q(u) = -12 + 83*u + 5 + 7 - 82*u + 2. Let z = -5 - 2. Let f be q(z). Let w(r) = -r**3 - 5*r**2 - 2*r + 3. What is w(f)?
13
Suppose 3 - 1 = 2*o. Let i(n) be the second derivative of -2*n**3/3 - n**2/2 + 19*n + 84. Give i(o).
-5
Let g(b) = -3*b + 3. Suppose -7*s = -119 + 91. Let v be 3*((-4 - 0)/s - -2). Calculate g(v).
-6
Let q be -1 - 900/(-2) - (-6 - -5). Let d be ((-1)/(-5))/(10/q). Let f(b) = 2*b - 13. Determine f(d).
5
Let z(u) = -u**2 + 26 - 722*u + 1448*u - 732*u. Give z(-9).
-1
Let c be 12/6 + 1*3. Suppose 0 = 2*v - 5 + 7, w - c*v = 1. Let j(b) = b + 4 + 1 + 3*b + 1. Determine j(w).
-10
Let a = -123 + 154. Let f = -3 - 28. Let i = a + f. Let b(c) = c**3 + c + 2. Determine b(i).
2
Let q(l) = -47*l - 8 - 84*l - 59*l**2 + 54*l**2 - 53*l + 125*l. Calculate q(-12).
-20
Let y(q) = 6*q + 2. Let l be (-1)/3*1*9/3. Let o be y(l). Let n(c) = c + 1. Let i(t) = -7*t - 5. Let a(b) = i(b) + 6*n(b). Give a(o).
5
Let r(t) = 7*t**3 + 12*t**2 - 11*t - 15. Let z(v) = -5*v**3 - 10*v**2 + 10*v + 12. Let l(s) = 3*r(s) + 4*z(s). What is l(2)?
9
Suppose -7*m = -7 - 49. Let q(k) be the first derivative of m*k**3 + 0 - 10*k**3 + 6*k**3 - k**2 - k - 31. Determine q(-1).
13
Suppose 4*p - 5 + 1 = 0, -p = m + 1. Let b(y) = -y**2 + 9. Let v be b(m). Let s(g) = -g + 12. Determine s(v).
7
Let d(u) = -18*u**2 + 5*u - 4. Suppose -2*b + 3*s = -7 - 1, -2*s - 7 = -3*b. What is d(b)?
-17
Let l = -318 - -332. Let f(s) = -s**2 + 9*s + 15. Give f(l).
-55
Let x = -138 - -141. Let f(o) = -6*o**2 - 2*o - 7. Let c(w) = 4*w**2 + 2*w + 6. Let t(i) = x*f(i) + 4*c(i). Calculate t(3).
-9
Let z be (3/(-4))/((-36)/24). Let h(i) be the first derivative of -15 + 2/3*i**3 + z*i**2 + 0*i. What is h(-2)?
6
Let q(k) = -103*k - 1209. Let v be q(-12). Let g(i) = i**3 - 26*i**2 - 28*i + 32. Give g(v).
5
Let x(h) = h**2 + 2*h - 14. Let b(r) = 5*r**2 + 28*r - 136. Let o(f) = -b(f) + 4*x(f). Determine o(-23).
11
Suppose 2*h - 6*h = 5*c + 5, 4*h = 5*c + 45. Let y(d) be the first derivative of d**3/3 - 2*d**2 - 6*d + 2421. What is y(h)?
-1
Let q be (-9)/((-45)/(-10)) - 0. Let m(z) = z**2 + 7*z + 15. Let v be m(q). Let a(x) = -14 + 1 + 8 - 2*x. Give a(v).
-15
Suppose -3*l = 3*a + 81, 0 = -5*l - 0*l. Let f = a - -27. Let g(q) = q + 8. Give g(f).
8
Let d(l) = l - 34. Let a(c) = 2*c - 145. Let t(g) = a(g) - 3*d(g). Calculate t(-16).
-27
Let g(h) be the first derivative of -3*h**2 + 28*h + 1464. Give g(4).
4
Let l = -18 - 3. Let o be (l/(-18))/7*6. Let p(n) = 1 - o + 12*n - 4*n + 1. Determine p(-1).
-7
Let v(l) = 2*l + 510 - 1020 + 516 - 5*l**2 + l**3 + 0*l. What is v(4)?
-2
Let s(v) = -v**3 - 8*v**2 - 4*v - 28. Let k be s(-8). Suppose g + 4*r - 8 = 0, -11 = 2*g - k*r - 27. Let j(c) = -c**2 + 8*c + 12. What is j(g)?
12
Let u(r) = -6*r - 3. Let w(x) = -x + 1. Let j(h) = -u(h) + 4*w(h). Suppose 47 = -2*v - 5*o, -5*v + o = -6*v - 22. Let l be (14/v)/(3/(-3))*-12. Determine j(l).
-9
Let m(v) be the first derivative of -v**3/3 - 2*v**2 + 6*v + 1. Let d(w) = -2*w**3 + 7*w**2 - 12*w + 22. Let u be d(6)